{"id":3975,"date":"2024-06-11T13:11:15","date_gmt":"2024-06-11T13:11:15","guid":{"rendered":"https:\/\/estoque.westmotos.com.br\/?post_type=product&#038;p=3975"},"modified":"2025-02-14T20:13:39","modified_gmt":"2025-02-14T20:13:39","slug":"shineray-jef-150-efi-2024-lancamento","status":"publish","type":"product","link":"https:\/\/estoque.westmotos.com.br\/?product=shineray-jef-150-efi-2024-lancamento","title":{"rendered":"Shineray JEF 150 2025  Promo\u00e7\u00e3o a partir de 569,00  mensal"},"content":{"rendered":"<p><img loading=\"lazy\" decoding=\"async\" class=\"alignnone size-full wp-image-3940\" src=\"https:\/\/estoque.westmotos.com.br\/wp-content\/uploads\/2024\/06\/nova-1.png\" alt=\"\" width=\"30\" height=\"41\" \/>PROMO\u00c7\u00c3O JEF 150<\/p>\n<p><img loading=\"lazy\" decoding=\"async\" class=\"alignnone wp-image-3964\" src=\"https:\/\/estoque.westmotos.com.br\/wp-content\/uploads\/2024\/06\/check.png\" alt=\"\" width=\"14\" height=\"22\" \/> Partida eletrica e pedal<\/p>\n<p><img loading=\"lazy\" decoding=\"async\" class=\"alignnone wp-image-3964\" src=\"https:\/\/estoque.westmotos.com.br\/wp-content\/uploads\/2024\/06\/check.png\" alt=\"\" width=\"14\" height=\"22\" \/> Freios dianteiro Disco com acionamento Hidr\u00e1ulico, traseiro Tambor<\/p>\n<p><img loading=\"lazy\" decoding=\"async\" class=\"alignnone wp-image-3964\" src=\"https:\/\/estoque.westmotos.com.br\/wp-content\/uploads\/2024\/06\/check.png\" alt=\"\" width=\"14\" height=\"22\" \/> Rodas de liga leve<\/p>\n<p><img loading=\"lazy\" decoding=\"async\" class=\"alignnone wp-image-3964\" src=\"https:\/\/estoque.westmotos.com.br\/wp-content\/uploads\/2024\/06\/check.png\" alt=\"\" width=\"14\" height=\"22\" \/> Cambio 5 marchas<\/p>\n<p><img loading=\"lazy\" decoding=\"async\" class=\"alignnone wp-image-3964\" src=\"https:\/\/estoque.westmotos.com.br\/wp-content\/uploads\/2024\/06\/check.png\" alt=\"\" width=\"14\" height=\"22\" \/> Painel 100% digital<\/p>\n<p><img loading=\"lazy\" decoding=\"async\" class=\"alignnone wp-image-3964\" src=\"https:\/\/estoque.westmotos.com.br\/wp-content\/uploads\/2024\/06\/check.png\" alt=\"\" width=\"14\" height=\"22\" \/> Entrada USB no guid\u00e3o<\/p>\n<p><img loading=\"lazy\" decoding=\"async\" class=\"alignnone wp-image-3964\" src=\"https:\/\/estoque.westmotos.com.br\/wp-content\/uploads\/2024\/06\/check.png\" alt=\"\" width=\"14\" height=\"22\" \/> Lanternas em Led<\/p>\n<p>&nbsp;<\/p>\n<p>Pague Avista ou at\u00e9 12 x sem juros no cart\u00e3o $17.999,00<\/p>\n<p>\ud83c\udfe6Fa\u00e7a uma simula\u00e7\u00e3o no\u00a0Financiamento<\/p>\n","protected":false},"excerpt":{"rendered":"<p><img loading=\"lazy\" decoding=\"async\" class=\"alignnone wp-image-3964\" src=\"https:\/\/estoque.westmotos.com.br\/wp-content\/uploads\/2024\/06\/check.png\" alt=\"\" width=\"14\" height=\"22\" \/> Partida eletrica e pedal<\/p>\n<p><img loading=\"lazy\" decoding=\"async\" class=\"alignnone wp-image-3964\" src=\"https:\/\/estoque.westmotos.com.br\/wp-content\/uploads\/2024\/06\/check.png\" alt=\"\" width=\"14\" height=\"22\" \/> Freios dianteiro Disco com acionamento Hidr\u00e1ulico, traseiro Tambor<\/p>\n<p><img loading=\"lazy\" decoding=\"async\" class=\"alignnone wp-image-3964\" src=\"https:\/\/estoque.westmotos.com.br\/wp-content\/uploads\/2024\/06\/check.png\" alt=\"\" width=\"14\" height=\"22\" \/> Rodas de liga leve<\/p>\n<p><img loading=\"lazy\" decoding=\"async\" class=\"alignnone wp-image-3964\" src=\"https:\/\/estoque.westmotos.com.br\/wp-content\/uploads\/2024\/06\/check.png\" alt=\"\" width=\"14\" height=\"22\" \/> Cambio 5 marchas<\/p>\n<p><img loading=\"lazy\" decoding=\"async\" class=\"alignnone wp-image-3964\" src=\"https:\/\/estoque.westmotos.com.br\/wp-content\/uploads\/2024\/06\/check.png\" alt=\"\" width=\"14\" height=\"22\" \/> Painel 100% digital<\/p>\n<p><img loading=\"lazy\" decoding=\"async\" class=\"alignnone wp-image-3964\" src=\"https:\/\/estoque.westmotos.com.br\/wp-content\/uploads\/2024\/06\/check.png\" alt=\"\" width=\"14\" height=\"22\" \/> Entrada USB no guid\u00e3o<\/p>\n<p><img loading=\"lazy\" decoding=\"async\" class=\"alignnone wp-image-3964\" src=\"https:\/\/estoque.westmotos.com.br\/wp-content\/uploads\/2024\/06\/check.png\" alt=\"\" width=\"14\" height=\"22\" \/> Lanternas em Led<\/p>\n<p>&nbsp;<\/p>\n<p>Pague Avista ou at\u00e9 12 x sem juros no cart\u00e3o $17.999,00<\/p>\n<p>\ud83c\udfe6Fa\u00e7a uma simula\u00e7\u00e3o no\u00a0Financiamento<\/p>\n","protected":false},"featured_media":3976,"template":"","meta":[],"product_brand":[],"product_cat":[76],"product_tag":[],"class_list":{"0":"post-3975","1":"product","2":"type-product","3":"status-publish","4":"has-post-thumbnail","6":"product_cat-150cc","8":"first","9":"instock","10":"shipping-taxable","11":"product-type-external"},"aioseo_notices":[],"_links":{"self":[{"href":"https:\/\/estoque.westmotos.com.br\/index.php?rest_route=\/wp\/v2\/product\/3975","targetHints":{"allow":["GET"]}}],"collection":[{"href":"https:\/\/estoque.westmotos.com.br\/index.php?rest_route=\/wp\/v2\/product"}],"about":[{"href":"https:\/\/estoque.westmotos.com.br\/index.php?rest_route=\/wp\/v2\/types\/product"}],"wp:featuredmedia":[{"embeddable":true,"href":"https:\/\/estoque.westmotos.com.br\/index.php?rest_route=\/wp\/v2\/media\/3976"}],"wp:attachment":[{"href":"https:\/\/estoque.westmotos.com.br\/index.php?rest_route=%2Fwp%2Fv2%2Fmedia&parent=3975"}],"wp:term":[{"taxonomy":"product_brand","embeddable":true,"href":"https:\/\/estoque.westmotos.com.br\/index.php?rest_route=%2Fwp%2Fv2%2Fproduct_brand&post=3975"},{"taxonomy":"product_cat","embeddable":true,"href":"https:\/\/estoque.westmotos.com.br\/index.php?rest_route=%2Fwp%2Fv2%2Fproduct_cat&post=3975"},{"taxonomy":"product_tag","embeddable":true,"href":"https:\/\/estoque.westmotos.com.br\/index.php?rest_route=%2Fwp%2Fv2%2Fproduct_tag&post=3975"}],"curies":[{"name":"wp","href":"https:\/\/api.w.org\/{rel}","templated":true}]}}